{"id":36,"date":"2026-04-07T08:52:56","date_gmt":"2026-04-07T08:52:56","guid":{"rendered":"http:\/\/erbvmsv.cluster100.hosting.ovh.net\/?page_id=36"},"modified":"2026-04-20T07:36:27","modified_gmt":"2026-04-20T07:36:27","slug":"actualites","status":"publish","type":"page","link":"http:\/\/erbvmsv.cluster100.hosting.ovh.net\/index.php\/actualites\/","title":{"rendered":"Actualit\u00e9s"},"content":{"rendered":"\n<div class=\"wp-block-media-text is-stacked-on-mobile\"><figure class=\"wp-block-media-text__media\"><img loading=\"lazy\" decoding=\"async\" width=\"1024\" height=\"683\" src=\"https:\/\/erbvmsv.cluster100.hosting.ovh.net\/wp-content\/uploads\/2026\/04\/pouliche-Nicotine-062-1024x683.jpg\" alt=\"\" class=\"wp-image-117 size-full\" srcset=\"http:\/\/erbvmsv.cluster100.hosting.ovh.net\/wp-content\/uploads\/2026\/04\/pouliche-Nicotine-062-1024x683.jpg 1024w, http:\/\/erbvmsv.cluster100.hosting.ovh.net\/wp-content\/uploads\/2026\/04\/pouliche-Nicotine-062-300x200.jpg 300w, http:\/\/erbvmsv.cluster100.hosting.ovh.net\/wp-content\/uploads\/2026\/04\/pouliche-Nicotine-062-768x512.jpg 768w, http:\/\/erbvmsv.cluster100.hosting.ovh.net\/wp-content\/uploads\/2026\/04\/pouliche-Nicotine-062-1536x1024.jpg 1536w, http:\/\/erbvmsv.cluster100.hosting.ovh.net\/wp-content\/uploads\/2026\/04\/pouliche-Nicotine-062-2048x1365.jpg 2048w\" sizes=\"auto, (max-width: 1024px) 100vw, 1024px\" \/><\/figure><div class=\"wp-block-media-text__content\">\n<p>Le printemps, c&#8217;est aussi la saison des naissances. Cette ann\u00e9e, c&#8217;est Kalimera qui va bient\u00f4t pouliner, en principe fin mai&#8230;<\/p>\n<\/div><\/div>\n\n\n\n<p><\/p>\n\n\n\n<p><strong>des activit\u00e9s au poney-club<br>pour ces vacances de printemps !<\/strong><br><br>Nous vous proposons :<br>pour les enfants \u00e0 partir de 6 ans<br>des apr\u00e8s-midis de 14 h \u00e0 17 h<br>les 6, 7, 8, 9, 10, 14, 15, et 16 avril.<br>Pour les enfants de 4 \u00e0 6 ans :<br>des s\u00e9ances le matin de 10 h 30 \u00e0 12 h<br>les 7, 9, 14 et 16 avril.<br>Pour les cavaliers de la zone Paris (6 ans minimum),<br>nous ajoutons<br>deux apr\u00e8s midis de 14 h \u00e0 17 h<br>les 21 et 23 avril<br>et une s\u00e9ance le 22 avril de 10 h 30 \u00e0 12 h<br>pour les enfants de 4 \u00e0 6 ans.<br>Pour les adultes, appelez-moi pour trouver un cr\u00e9neau en fonction de vos souhaits et possibilit\u00e9s.<br>renseignements et r\u00e9servations (indispensables)<br>au 06 78 48 24 74<\/p>\n\n\n\n<figure class=\"wp-block-image size-large\"><img loading=\"lazy\" decoding=\"async\" width=\"1024\" height=\"768\" src=\"https:\/\/erbvmsv.cluster100.hosting.ovh.net\/wp-content\/uploads\/2026\/04\/Bouliac-poney-07-026-1024x768.jpg\" alt=\"\" class=\"wp-image-41\" srcset=\"http:\/\/erbvmsv.cluster100.hosting.ovh.net\/wp-content\/uploads\/2026\/04\/Bouliac-poney-07-026-1024x768.jpg 1024w, http:\/\/erbvmsv.cluster100.hosting.ovh.net\/wp-content\/uploads\/2026\/04\/Bouliac-poney-07-026-300x225.jpg 300w, http:\/\/erbvmsv.cluster100.hosting.ovh.net\/wp-content\/uploads\/2026\/04\/Bouliac-poney-07-026-768x576.jpg 768w, http:\/\/erbvmsv.cluster100.hosting.ovh.net\/wp-content\/uploads\/2026\/04\/Bouliac-poney-07-026-1536x1152.jpg 1536w, http:\/\/erbvmsv.cluster100.hosting.ovh.net\/wp-content\/uploads\/2026\/04\/Bouliac-poney-07-026.jpg 2048w\" sizes=\"auto, (max-width: 1024px) 100vw, 1024px\" \/><\/figure>\n\n\n\n<p><strong>D\u00e8s la rentr\u00e9e des classes,<br>il est temps d&#8217;inscrire vos enfants&#8230; au poney-club :<br>Nous organisons une apr\u00e8s-midi de rentr\u00e9e<br>le samedi 12 septembre\u00a0 de 14 h \u00e0 17 h.<br>Vous pourrez visiter nos installations, \u00e9curies, carri\u00e8res et man\u00e8ge couvert.\u00a0<br>Nous vous pr\u00e9senterons les poneys du club, avec les nouveaux arrivants.<br>Nous vous proposerons des d\u00e9monstrations de pony-games et d\u2019\u00e9quitation \u00e9thologique.<br>Vous pourrez vous inscrire pour l&#8217;ann\u00e9e dans les cr\u00e9neaux horaires disponibles.<br>\u00c0 partir de 18 h , pot de retrouvailles et de remerciement pour les anciens cavaliers et les membres du SAPU ( service d\u2018aide aux poneys d\u2019urgence) qui nous aident gentiment en cas de probl\u00e8me.<br>Le Grand Lio vous\u00a0 propose tout au long de l&#8217;ann\u00e9e une approche douce de l&#8217;\u00e9quitation, dans le respect des rythmes\u00a0 et des souhaits de chacun.<\/strong><\/p>\n\n\n\n<p><strong>Ni bapt\u00eames, ni petits tours, nos poneys ne sont pas des brouettes.\u00a0<\/strong><\/p>\n\n\n\n<figure class=\"wp-block-image size-large\"><img loading=\"lazy\" decoding=\"async\" width=\"683\" height=\"1024\" src=\"http:\/\/erbvmsv.cluster100.hosting.ovh.net\/wp-content\/uploads\/2026\/04\/elevage-09-001-683x1024.jpg\" alt=\"\" class=\"wp-image-37\" srcset=\"http:\/\/erbvmsv.cluster100.hosting.ovh.net\/wp-content\/uploads\/2026\/04\/elevage-09-001-683x1024.jpg 683w, http:\/\/erbvmsv.cluster100.hosting.ovh.net\/wp-content\/uploads\/2026\/04\/elevage-09-001-200x300.jpg 200w, http:\/\/erbvmsv.cluster100.hosting.ovh.net\/wp-content\/uploads\/2026\/04\/elevage-09-001-768x1152.jpg 768w, http:\/\/erbvmsv.cluster100.hosting.ovh.net\/wp-content\/uploads\/2026\/04\/elevage-09-001-1024x1536.jpg 1024w, http:\/\/erbvmsv.cluster100.hosting.ovh.net\/wp-content\/uploads\/2026\/04\/elevage-09-001-1365x2048.jpg 1365w, http:\/\/erbvmsv.cluster100.hosting.ovh.net\/wp-content\/uploads\/2026\/04\/elevage-09-001.jpg 1504w\" sizes=\"auto, (max-width: 683px) 100vw, 683px\" \/><\/figure>\n\n\n\n<div class=\"wp-block-cover alignfull is-light has-contrast-color has-text-color has-link-color wp-elements-3e4ed055f8f81159ededaba3dbd46ded\" style=\"margin-top:0;margin-bottom:0;padding-top:var(--wp--preset--spacing--60);padding-right:var(--wp--preset--spacing--50);padding-bottom:var(--wp--preset--spacing--60);padding-left:var(--wp--preset--spacing--50)\"><span aria-hidden=\"true\" class=\"wp-block-cover__background has-base-background-color has-background-dim-100 has-background-dim\"><\/span><div class=\"wp-block-cover__inner-container has-global-padding is-layout-constrained wp-container-core-cover-is-layout-873ee6b1 wp-block-cover-is-layout-constrained\">\n<p class=\"has-text-align-center has-large-font-size\"><\/p>\n<\/div><\/div>\n","protected":false},"excerpt":{"rendered":"<p>Le printemps, c&#8217;est aussi la saison des naissances. Cette ann\u00e9e, c&#8217;est Kalimera qui va bient\u00f4t pouliner, en principe fin mai&#8230; des activit\u00e9s au poney-clubpour ces vacances de printemps ! Nous vous proposons :pour les enfants \u00e0 partir de 6 ansdes apr\u00e8s-midis de 14 h \u00e0 17 hles 6, 7, 8, 9, 10, 14, 15, et [&hellip;]<\/p>\n","protected":false},"author":1,"featured_media":0,"parent":0,"menu_order":0,"comment_status":"closed","ping_status":"closed","template":"","meta":{"footnotes":""},"class_list":["post-36","page","type-page","status-publish","hentry"],"_links":{"self":[{"href":"http:\/\/erbvmsv.cluster100.hosting.ovh.net\/index.php\/wp-json\/wp\/v2\/pages\/36","targetHints":{"allow":["GET"]}}],"collection":[{"href":"http:\/\/erbvmsv.cluster100.hosting.ovh.net\/index.php\/wp-json\/wp\/v2\/pages"}],"about":[{"href":"http:\/\/erbvmsv.cluster100.hosting.ovh.net\/index.php\/wp-json\/wp\/v2\/types\/page"}],"author":[{"embeddable":true,"href":"http:\/\/erbvmsv.cluster100.hosting.ovh.net\/index.php\/wp-json\/wp\/v2\/users\/1"}],"replies":[{"embeddable":true,"href":"http:\/\/erbvmsv.cluster100.hosting.ovh.net\/index.php\/wp-json\/wp\/v2\/comments?post=36"}],"version-history":[{"count":6,"href":"http:\/\/erbvmsv.cluster100.hosting.ovh.net\/index.php\/wp-json\/wp\/v2\/pages\/36\/revisions"}],"predecessor-version":[{"id":118,"href":"http:\/\/erbvmsv.cluster100.hosting.ovh.net\/index.php\/wp-json\/wp\/v2\/pages\/36\/revisions\/118"}],"wp:attachment":[{"href":"http:\/\/erbvmsv.cluster100.hosting.ovh.net\/index.php\/wp-json\/wp\/v2\/media?parent=36"}],"curies":[{"name":"wp","href":"https:\/\/api.w.org\/{rel}","templated":true}]}}

Actualités

<div class="wp-block-media-text is-stacked-on-mobile"><figure class="wp-block-media-text__media"><img loading="lazy" decoding="async" width="1024" height="683" src="https://erbvmsv.cluster100.hosting.ovh.net/wp-content/uploads/2026/04/pouliche-Nicotine-062-1024x683.jpg" alt="" class="wp-image-117 size-full" srcset="http://erbvmsv.cluster100.hosting.ovh.net/wp-content/uploads/2026/04/pouliche-Nicotine-062-1024x683.jpg 1024w, http://erbvmsv.cluster100.hosting.ovh.net/wp-content/uploads/2026/04/pouliche-Nicotine-062-300x200.jpg 300w, http://erbvmsv.cluster100.hosting.ovh.net/wp-content/uploads/2026/04/pouliche-Nicotine-062-768x512.jpg 768w, http://erbvmsv.cluster100.hosting.ovh.net/wp-content/uploads/2026/04/pouliche-Nicotine-062-1536x1024.jpg 1536w, http://erbvmsv.cluster100.hosting.ovh.net/wp-content/uploads/2026/04/pouliche-Nicotine-062-2048x1365.jpg 2048w" sizes="auto, (max-width: 1024px) 100vw, 1024px" /></figure><div class="wp-block-media-text__content">
<p>Le printemps, c&#8217;est aussi la saison des naissances. Cette année, c&#8217;est Kalimera qui va bientôt pouliner, en principe fin mai&#8230;</p>
</div></div>



<p></p>



<p><strong>des activités au poney-club<br>pour ces vacances de printemps !</strong><br><br>Nous vous proposons :<br>pour les enfants à partir de 6 ans<br>des après-midis de 14 h à 17 h<br>les 6, 7, 8, 9, 10, 14, 15, et 16 avril.<br>Pour les enfants de 4 à 6 ans :<br>des séances le matin de 10 h 30 à 12 h<br>les 7, 9, 14 et 16 avril.<br>Pour les cavaliers de la zone Paris (6 ans minimum),<br>nous ajoutons<br>deux après midis de 14 h à 17 h<br>les 21 et 23 avril<br>et une séance le 22 avril de 10 h 30 à 12 h<br>pour les enfants de 4 à 6 ans.<br>Pour les adultes, appelez-moi pour trouver un créneau en fonction de vos souhaits et possibilités.<br>renseignements et réservations (indispensables)<br>au 06 78 48 24 74</p>



<figure class="wp-block-image size-large"><img loading="lazy" decoding="async" width="1024" height="768" src="https://erbvmsv.cluster100.hosting.ovh.net/wp-content/uploads/2026/04/Bouliac-poney-07-026-1024x768.jpg" alt="" class="wp-image-41" srcset="http://erbvmsv.cluster100.hosting.ovh.net/wp-content/uploads/2026/04/Bouliac-poney-07-026-1024x768.jpg 1024w, http://erbvmsv.cluster100.hosting.ovh.net/wp-content/uploads/2026/04/Bouliac-poney-07-026-300x225.jpg 300w, http://erbvmsv.cluster100.hosting.ovh.net/wp-content/uploads/2026/04/Bouliac-poney-07-026-768x576.jpg 768w, http://erbvmsv.cluster100.hosting.ovh.net/wp-content/uploads/2026/04/Bouliac-poney-07-026-1536x1152.jpg 1536w, http://erbvmsv.cluster100.hosting.ovh.net/wp-content/uploads/2026/04/Bouliac-poney-07-026.jpg 2048w" sizes="auto, (max-width: 1024px) 100vw, 1024px" /></figure>



<p><strong>Dès la rentrée des classes,<br>il est temps d&#8217;inscrire vos enfants&#8230; au poney-club :<br>Nous organisons une après-midi de rentrée<br>le samedi 12 septembre  de 14 h à 17 h.<br>Vous pourrez visiter nos installations, écuries, carrières et manège couvert. <br>Nous vous présenterons les poneys du club, avec les nouveaux arrivants.<br>Nous vous proposerons des démonstrations de pony-games et d’équitation éthologique.<br>Vous pourrez vous inscrire pour l&#8217;année dans les créneaux horaires disponibles.<br>À partir de 18 h , pot de retrouvailles et de remerciement pour les anciens cavaliers et les membres du SAPU ( service d‘aide aux poneys d’urgence) qui nous aident gentiment en cas de problème.<br>Le Grand Lio vous  propose tout au long de l&#8217;année une approche douce de l&#8217;équitation, dans le respect des rythmes  et des souhaits de chacun.</strong></p>



<p><strong>Ni baptêmes, ni petits tours, nos poneys ne sont pas des brouettes. </strong></p>



<figure class="wp-block-image size-large"><img loading="lazy" decoding="async" width="683" height="1024" src="http://erbvmsv.cluster100.hosting.ovh.net/wp-content/uploads/2026/04/elevage-09-001-683x1024.jpg" alt="" class="wp-image-37" srcset="http://erbvmsv.cluster100.hosting.ovh.net/wp-content/uploads/2026/04/elevage-09-001-683x1024.jpg 683w, http://erbvmsv.cluster100.hosting.ovh.net/wp-content/uploads/2026/04/elevage-09-001-200x300.jpg 200w, http://erbvmsv.cluster100.hosting.ovh.net/wp-content/uploads/2026/04/elevage-09-001-768x1152.jpg 768w, http://erbvmsv.cluster100.hosting.ovh.net/wp-content/uploads/2026/04/elevage-09-001-1024x1536.jpg 1024w, http://erbvmsv.cluster100.hosting.ovh.net/wp-content/uploads/2026/04/elevage-09-001-1365x2048.jpg 1365w, http://erbvmsv.cluster100.hosting.ovh.net/wp-content/uploads/2026/04/elevage-09-001.jpg 1504w" sizes="auto, (max-width: 683px) 100vw, 683px" /></figure>



<div class="wp-block-cover alignfull is-light has-contrast-color has-text-color has-link-color wp-elements-3e4ed055f8f81159ededaba3dbd46ded" style="margin-top:0;margin-bottom:0;padding-top:var(--wp--preset--spacing--60);padding-right:var(--wp--preset--spacing--50);padding-bottom:var(--wp--preset--spacing--60);padding-left:var(--wp--preset--spacing--50)"><span aria-hidden="true" class="wp-block-cover__background has-base-background-color has-background-dim-100 has-background-dim"></span><div class="wp-block-cover__inner-container has-global-padding is-layout-constrained wp-container-core-cover-is-layout-873ee6b1 wp-block-cover-is-layout-constrained">
<p class="has-text-align-center has-large-font-size"></p>
</div></div>

<p>Le printemps, c&#8217;est aussi la saison des naissances. Cette année, c&#8217;est Kalimera qui va bientôt pouliner, en principe fin mai&#8230; des activités au poney-clubpour ces vacances de printemps ! Nous vous proposons :pour les enfants à partir de 6 ansdes après-midis de 14 h à 17 hles 6, 7, 8, 9, 10, 14, 15, et [&hellip;]</p>
